{"id":169,"date":"2020-11-24T02:45:53","date_gmt":"2020-11-24T02:45:53","guid":{"rendered":"http:\/\/interaction.cdeacf.ca\/?page_id=169"},"modified":"2021-04-12T20:01:25","modified_gmt":"2021-04-12T20:01:25","slug":"securite-numerique-en-violence-conjugale","status":"publish","type":"page","link":"https:\/\/interaction.cdeacf.ca\/index.php\/securite-numerique-en-violence-conjugale\/","title":{"rendered":"S\u00e9curit\u00e9 num\u00e9rique en Violence conjugale"},"content":{"rendered":"\n<div class=\"wp-block-columns is-layout-flex wp-container-core-columns-is-layout-9d6595d7 wp-block-columns-is-layout-flex\">\n<div class=\"wp-block-column is-layout-flow wp-block-column-is-layout-flow\" style=\"flex-basis:15%\">\n<figure class=\"wp-block-image size-large\"><img loading=\"lazy\" decoding=\"async\" width=\"561\" height=\"169\" src=\"https:\/\/interaction.cdeacf.ca\/wp-content\/uploads\/2021\/02\/quebec-logo-couleur.jpg\" alt=\"\" class=\"wp-image-235\" srcset=\"https:\/\/interaction.cdeacf.ca\/wp-content\/uploads\/2021\/02\/quebec-logo-couleur.jpg 561w, https:\/\/interaction.cdeacf.ca\/wp-content\/uploads\/2021\/02\/quebec-logo-couleur-300x90.jpg 300w\" sizes=\"auto, (max-width: 561px) 100vw, 561px\" \/><\/figure>\n<\/div>\n\n\n\n<div class=\"wp-block-column is-layout-flow wp-block-column-is-layout-flow\" style=\"flex-basis:75%\">\n<p>Les activit\u00e9s interactives propos\u00e9es dans cette cat\u00e9gorie ont \u00e9t\u00e9 d\u00e9velopp\u00e9es dans le cadre du projet <strong>Comptes et appareils connect\u00e9s en contexte de violence conjugale : mieux comprendre les technologies pour pr\u00e9venir les risques reli\u00e9s \u00e0 la localisation et \u00e0 l&rsquo;utilisation des comptes en ligne<\/strong>. Ce projet r\u00e9alis\u00e9 par le CD\u00c9ACF de 2018 \u00e0 2020 a \u00e9t\u00e9 financ\u00e9 par le <strong>Secr\u00e9tariat \u00e0 la condition f\u00e9minine<\/strong>.<\/p>\n<\/div>\n<\/div>\n\n\n\n<p>Pour acc\u00e9der aux activit\u00e9s, cliquez sur les liens disponibles dans le menu en haut de page. Vous pouvez aussi cliquer directement sur les titres des pages ci-dessous :<\/p>\n\n\n\n<div class=\"wp-block-buttons is-layout-flex wp-block-buttons-is-layout-flex\">\n<div class=\"wp-block-button\"><a class=\"wp-block-button__link\" href=\"https:\/\/interaction.cdeacf.ca\/index.php\/securite-numerique-en-violence-conjugale\/quels-appareils-peuvent-partager-de-linformation-jeu\/\"><strong>Quels appareils et objets peuvent partager de l&rsquo;information ?<\/strong><\/a><\/div>\n\n\n\n<div class=\"wp-block-button\"><a class=\"wp-block-button__link\" href=\"https:\/\/interaction.cdeacf.ca\/index.php\/securite-numerique-en-violence-conjugale\/5-protocoles-de-connexion-qui-permettent-a-nos-appareils-de-communiquer-entre-eux-ou-en-ligne\/\"><strong>5 protocoles de connexion qui permettent \u00e0 nos appareils de communiquer entre eux ou en ligne<\/strong><\/a><\/div>\n<\/div>\n\n\n\n<hr class=\"wp-block-separator\"\/>\n\n\n\n<p>En plus des activit\u00e9s disponibles sur cette plateforme interactive, d&rsquo;autres outils ont \u00e9t\u00e9 d\u00e9velopp\u00e9s dans le cadre de ce projet. Vous pouvez les consulter sur le site principal du CD\u00c9ACF.<\/p>\n\n\n\n<div class=\"wp-block-buttons is-layout-flex wp-block-buttons-is-layout-flex\">\n<div class=\"wp-block-button\"><a class=\"wp-block-button__link has-background\" href=\"https:\/\/cdeacf.ca\/localisation-comptes-partages\" style=\"background-color:#7c2529\"><strong>Acc\u00e9der \u00e0 la Bo\u00eete \u00e0 outils du projet sur le site CDEACF.CA<\/strong><\/a><\/div>\n<\/div>\n","protected":false},"excerpt":{"rendered":"<p>Les activit\u00e9s interactives propos\u00e9es dans cette cat\u00e9gorie ont \u00e9t\u00e9 d\u00e9velopp\u00e9es dans le cadre du projet Comptes et appareils connect\u00e9s en contexte de violence conjugale : mieux comprendre les technologies pour pr\u00e9venir les risques reli\u00e9s \u00e0 la localisation et \u00e0 l&rsquo;utilisation des comptes en ligne. Ce projet r\u00e9alis\u00e9 par le CD\u00c9ACF de 2018 \u00e0 2020 a [&hellip;]<\/p>\n","protected":false},"author":1,"featured_media":0,"parent":0,"menu_order":0,"comment_status":"closed","ping_status":"closed","template":"","meta":{"_acf_changed":false,"footnotes":""},"class_list":["post-169","page","type-page","status-publish","czr-hentry"],"acf":[],"_links":{"self":[{"href":"https:\/\/interaction.cdeacf.ca\/index.php\/wp-json\/wp\/v2\/pages\/169","targetHints":{"allow":["GET"]}}],"collection":[{"href":"https:\/\/interaction.cdeacf.ca\/index.php\/wp-json\/wp\/v2\/pages"}],"about":[{"href":"https:\/\/interaction.cdeacf.ca\/index.php\/wp-json\/wp\/v2\/types\/page"}],"author":[{"embeddable":true,"href":"https:\/\/interaction.cdeacf.ca\/index.php\/wp-json\/wp\/v2\/users\/1"}],"replies":[{"embeddable":true,"href":"https:\/\/interaction.cdeacf.ca\/index.php\/wp-json\/wp\/v2\/comments?post=169"}],"version-history":[{"count":8,"href":"https:\/\/interaction.cdeacf.ca\/index.php\/wp-json\/wp\/v2\/pages\/169\/revisions"}],"predecessor-version":[{"id":246,"href":"https:\/\/interaction.cdeacf.ca\/index.php\/wp-json\/wp\/v2\/pages\/169\/revisions\/246"}],"wp:attachment":[{"href":"https:\/\/interaction.cdeacf.ca\/index.php\/wp-json\/wp\/v2\/media?parent=169"}],"curies":[{"name":"wp","href":"https:\/\/api.w.org\/{rel}","templated":true}]}}